ate the remainder when a is divided by 29.
15
Suppose -33 + 271 = -7*y + 41*y. Suppose 0 = -5*o + 3*j + 859, -j - 6 = -4*j. Calculate the remainder when o is divided by y.
5
Let c = 30 + -22. Suppose 5*z = 4*m + 63, 13*z = c*z - 2*m + 81. Let h(t) = -2*t + 70. What is the remainder when h(0) is divided by z?
10
Let k = 10 - 37. Calculate the remainder when (-2*(-186)/(-18))/(1/k) is divided by 112.
110
Let d(k) = -k**3 + 32*k**2 + 4*k - 80. Let m be d(32). Suppose -i + 7840 = m*i. Calculate the remainder when i is divided by 44.
28
Suppose 18*v - 14*v = -d + 1744, 872 = 2*v - 3*d. What is the remainder when v is divided by 49?
44
Suppose 0 = -55*b + 53*b + 18. Suppose 154 + 41 = 5*w. Suppose 10*h = b*h + w. Calculate the remainder when h is divided by 20.
19
Let z = 39 + -23. Let r(d) = -28*d - 19. What is the remainder when r(-12) is divided by z?
13
What is the remainder when 64/16 + 1023/4 + (-2)/(-8) is divided by 85?
5
Let b = 4320 + -4106. What is the remainder when b is divided by 38?
24
Suppose 2*h - 222 = -2*t, 445*h - 5*t = 443*h + 264. What is the remainder when h is divided by 3/(-2)*280/(-12)?
12
Suppose 16*x - 2*x - 266 = 0. Let i(k) = k - 3. What is the remainder when 58 is divided by i(x)?
10
Let f be -3 - 1 - (18 + -25). Suppose -3*a = 9, -a = -7*d + f*d - 5. What is the remainder when 49/3 - d/3 is divided by 9?
8
Suppose -8575 = -15*s - 3340. Let a = s - 323. What is the remainder when 40 is divided by a?
14
Suppose 5*o = 3*z + 88531, o - 2*z - 11509 - 6186 = 0. Calculate the remainder when o is divided by 18.
17
Suppose -3*x + 7 = -2. Suppose 14*s - x*d - 23 = 9*s, 0 = s + d - 11. What is the remainder when 52 is divided by (-33)/(-3) - s - 5*-3?
14
Let n(g) be the third derivative of 5*g**5/12 - g**4/24 - g**3/3 + 9*g**2. Calculate the remainder when n(2) is divided by 7/(245/480) - 6/(-21).
12
What is the remainder when 22/(-12) - -2 - 244682/(-1644) is divided by 12?
5
Let b(f) = -14*f - 2. Let t be b(1). Let y = t + 23. Suppose -3*j = -387 + 348. Calculate the remainder when j is divided by y.
6
Suppose 58 = y - 3*o, -7*y + 10*y - 132 = 2*o. What is the remainder when 1439 is divided by y?
39
Let k(w) = -4*w**3 - 3*w**2 + 4. Let m be k(-2). Let n(f) = -f**2 - 7*f - 4. What is the remainder when n(-3) is divided by (18/2)/(m/16) - -2?
0
Suppose 52*h - 19*h - 88407 = 0. Calculate the remainder when h is divided by 10.
9
Let m = -216 - -27. Let c = m + 370. Calculate the remainder when c is divided by 64.
53
Let p(a) = a + 16. Let k be p(-14). Suppose -3*l + k = n - 68, l - 26 = -n. Calculate the remainder when 82 is divided by l.
16
Let u = -11 + 19. Suppose 5*n = 5*b - 31 + 186, -4*b + 137 = 5*n. What is the remainder when n is divided by u?
5
Let z be (-1 - 178/8)*(-1408)/96. Let w = z - 183. What is the remainder when w is divided by 54?
50
Let v = -47817 - -47836. Suppose -153 = -3*l + 3*n, 0 = -l - 3*n + n + 54. Calculate the remainder when l is divided by v.
14
Let r(m) = -34*m - 7. Let v(x) = 406*x - 2429. Calculate the remainder when r(-8) is divided by v(6).
6
Let n(w) = 12*w**2 + 32*w - 13. Calculate the remainder when -30*(1 - 3) + 3 is divided by n(-4).
12
Suppose -42 = -2*z - 2*d, z - 26 - 7 = d. Let g(x) = -8*x - 7. Let h be g(-14). Suppose 5*w = 4*w + h. What is the remainder when w is divided by z?
24
Suppose -5*h + 30*y - 28*y = -1229, 15*y + 943 = 4*h. Calculate the remainder when 303 is divided by h.
56
Suppose -90 = 2*x - 0*x - 724. Calculate the remainder when x is divided by 40.
37
Suppose -2*v + 4*i = -3*v + 415, -2*i = 4*v - 1632. Suppose 404*o + 582 = v*o. What is the remainder when o is divided by 49?
47
Suppose -2*b + 24 = -2*d, 5*b + d = -3*d + 42. Suppose b*g - g = 3159. Suppose 20 = 7*t - g. Calculate the remainder when t is divided by 9.
8
Suppose 18643 = -4*v - o + 18699, -3*o = 24. Let x(j) = 3*j**2 + 2*j + 4. What is the remainder when x(-4) is divided by v?
12
Let y(z) = z**3 - 11*z**2 + z - 10. Let n be y(11). Let m be (18/(-4))/(-1)*(-1 - n). Calculate the remainder when (44/(-12))/(1/m) is divided by 6.
3
What is the remainder when (-6 + 3 + 0)/(3*(-5)/820) is divided by 3?
2
Let r(s) = -s**3 + 11*s**2 - 16*s + 6. Let f be r(6). Suppose a = -9*a + f. Suppose -46 = -3*v - 1. What is the remainder when v is divided by a?
6
Let i = -28 - -49. Let o(y) = 2*y**2 + 3*y + 4. Let a be o(4). Suppose -f + z + 24 = 5*z, f - 2*z = a. What is the remainder when f is divided by i?
19
Let t = 4423 + -3957. What is the remainder when t is divided by 73?
28
Let t(c) be the second derivative of -c**5/20 + c**4/4 + c**3 - 3*c**2/2 - 5*c + 1. What is the remainder when t(-3) is divided by 22?
11
Let w(c) = -12*c + 119. Let x(h) = 23*h - 242. Let l(i) = -5*w(i) - 3*x(i). What is the remainder when 152 is divided by l(13)?
12
Let i(k) = 2*k**2 + 8*k - 1. Let h be i(-5). Suppose h = -3*m + 15. Calculate the remainder when ((-10)/8 + m)/((-2)/(-48)) is divided by 4.
2
Suppose -4*d - 5*b + 2690 = 0, 0 = 5*d - b - 2109 - 1210. Calculate the remainder when d is divided by 44.
5
Suppose 625 = -6*a + 775. Calculate the remainder when 294 is divided by a.
19
Let z = 280 - 280. Suppose 130 = 4*y - 5*u, 3*y - 3*u + 14 - 113 = z. What is the remainder when 592 is divided by y?
32
Let v(f) = 58*f**2 - 3*f + 547. What is the remainder when v(8) is divided by 48?
11
Let q = -153 - -232. Suppose -133 - 227 = -36*t. Calculate the remainder when q is divided by t.
9
Let d(c) = c**2 + 5*c + 31. Let w be d(-9). Suppose -188 = -5*i - h, 22 = 2*i + 5*h - w. Calculate the remainder when 116 is divided by i.
5
Calculate the remainder when 2 + -6 - (-5 + -275 + -6) is divided by 265.
17
Suppose 3*a + 24 - 465 = 5*t, 2*a + 257 = -3*t. Let q = t + 198. Calculate the remainder when (0 - 1)/((-3)/q) is divided by 10.
7
Let m be (-722)/8 + 14/56. Calculate the remainder when 273 is divided by (-6060)/m + 5/3.
66
Let n(x) = 5*x**3 + 6*x**2 + 36*x - 80. What is the remainder when 335 is divided by n(2)?
55
Suppose 14*p - 8988 - 728 = 0. What is the remainder when p is divided by 56?
22
Suppose -r + 84 = -15*r. Let c be (-1*(-2)/r)/(4/(-60)). Suppose -3*f + 72 = -c*p, -3*p + 2 + 22 = f. What is the remainder when 167 is divided by f?
23
Let g be -4*(2 + -3)*20/16. Suppose 578 = g*r + 3*y, 0 = 5*r - 0*y + y - 576. Calculate the remainder when r is divided by 58.
57
Let r(w) = 6*w**2 + 66*w + 556. Calculate the remainder when r(-12) is divided by 18.
16
Let h = -1 - -20. Let y be -5 + (-9)/(-6)*48. Let f = -30 + y. Calculate the remainder when f is divided by h.
18
Let h = 14338 + -14320. Suppose 3*w - 29 = 3*o + 10, -61 = 4*o + 5*w. Let t = o - -29. What is the remainder when h is divided by t?
3
Let l be (-12)/3 - (-18 - 5). Let s = 34 + -31. Suppose s*p = 3*z + 21, -l + 0 = -p - 5*z. What is the remainder when 21 is divided by p?
3
Suppose 27450 - 27703 = -q. Calculate the remainder when 2041 is divided by q.
17
Suppose 0 = -k - 4*n - 22, 0 = 5*k - 0*n + 4*n + 30. Calculate the remainder when 104 is divided by 1 - -46 - k/1.
6
Suppose 2*x - 3634 = -f - 517, 0 = 5*f + 5*x - 15565. Suppose v - f + 3042 = 0. Let i = 95 - 61. What is the remainder when v is divided by i?
33
Let h(j) be the third derivative of j**5/60 + j**4/4 - 7*j**3/2 + 25*j**2. Let r be h(-5). Let o = r + 73. What is the remainder when o is divided by 25?
22
Suppose 29*w = 10*w. What is the remainder when 149 is divided by (w - 46/4)*(10 + -14)?
11
Let k be (170/(-51))/(4/(-6)). Suppose k*n = 10 - 20. Calculate the remainder when 8/n + 28 + 3 is divided by 7.
6
Suppose 22015 = -40*s + 25295. Calculate the remainder when 5915 is divided by s.
11
Suppose -3348 = -28*j - 2172. What is the remainder when 225 is divided by j?
15
Let a(y) = 9*y**2 + 2*y + 4. Let o be a(-4). Suppose 56 = -4*d - o. Calculate the remainder when (-2 - d) + 0/(-15) is divided by 13.
8
Let p = 226 - -57. What is the remainder when 302 is divided by p?
19
Let f(b) = -3*b + 29. Let c be f(-12). Let p = 133 - c. Let a(g) = -g**3 - 22*g**2 + 23*g + 14. What is the remainder when p is divided by a(-23)?
12
Let n = 61 + -59. Let y(a) = a**2 + 10*a + 5. Let f be y(-9). Let q = -2 - f. Calculate the remainder when n is divided by q.
0
Let y = 4646 + -4599. What is the remainder when 149 is divided by y